{"version":"1.0","provider_name":"RocaJunyent_grupo - EMHE Legal","provider_url":"https:\/\/www.emhe.es\/de","author_name":"EMHE","author_url":"https:\/\/www.emhe.es\/de\/author\/emhe-es\/","title":"\u00bfM\u00fcssen die Angaben zu Anschrift und Identit\u00e4t des Gewerbetreibenden in einer Werbung in einem Printmedium gemacht werden, wenn die Verbraucher diese Produkte \u00fcber die Website erwerben, und diese Informationen \u00fcber die Website zug\u00e4nglich sind? - RocaJunyent_grupo - EMHE Legal","type":"rich","width":600,"height":338,"html":"<blockquote class=\"wp-embedded-content\" data-secret=\"zLNTIbIGxY\"><a href=\"https:\/\/www.emhe.es\/de\/debe-indicarse-en-la-publicidad\/\">\u00bfM\u00fcssen die Angaben zu Anschrift und Identit\u00e4t des Gewerbetreibenden in einer Werbung in einem Printmedium gemacht werden, wenn die Verbraucher diese Produkte \u00fcber die Website erwerben, und diese Informationen \u00fcber die Website zug\u00e4nglich sind?<\/a><\/blockquote><iframe sandbox=\"allow-scripts\" security=\"restricted\" src=\"https:\/\/www.emhe.es\/de\/debe-indicarse-en-la-publicidad\/embed\/#?secret=zLNTIbIGxY\" width=\"600\" height=\"338\" title=\"&#8222;\u00bfM\u00fcssen die Angaben zu Anschrift und Identit\u00e4t des Gewerbetreibenden in einer Werbung in einem Printmedium gemacht werden, wenn die Verbraucher diese Produkte \u00fcber die Website erwerben, und diese Informationen \u00fcber die Website zug\u00e4nglich sind?&#8220; &#8212; RocaJunyent_grupo - EMHE Legal\" data-secret=\"zLNTIbIGxY\" frameborder=\"0\" marginwidth=\"0\" marginheight=\"0\" scrolling=\"no\" class=\"wp-embedded-content\"><\/iframe><script type=\"text\/javascript\">\n\/* <![CDATA[ *\/\n\/*! This file is auto-generated *\/\n!function(d,l){\"use strict\";l.querySelector&&d.addEventListener&&\"undefined\"!=typeof URL&&(d.wp=d.wp||{},d.wp.receiveEmbedMessage||(d.wp.receiveEmbedMessage=function(e){var t=e.data;if((t||t.secret||t.message||t.value)&&!\/[^a-zA-Z0-9]\/.test(t.secret)){for(var s,r,n,a=l.querySelectorAll('iframe[data-secret=\"'+t.secret+'\"]'),o=l.querySelectorAll('blockquote[data-secret=\"'+t.secret+'\"]'),c=new RegExp(\"^https?:$\",\"i\"),i=0;i<o.length;i++)o[i].style.display=\"none\";for(i=0;i<a.length;i++)s=a[i],e.source===s.contentWindow&&(s.removeAttribute(\"style\"),\"height\"===t.message?(1e3<(r=parseInt(t.value,10))?r=1e3:~~r<200&&(r=200),s.height=r):\"link\"===t.message&&(r=new URL(s.getAttribute(\"src\")),n=new URL(t.value),c.test(n.protocol))&&n.host===r.host&&l.activeElement===s&&(d.top.location.href=t.value))}},d.addEventListener(\"message\",d.wp.receiveEmbedMessage,!1),l.addEventListener(\"DOMContentLoaded\",function(){for(var e,t,s=l.querySelectorAll(\"iframe.wp-embedded-content\"),r=0;r<s.length;r++)(t=(e=s[r]).getAttribute(\"data-secret\"))||(t=Math.random().toString(36).substring(2,12),e.src+=\"#?secret=\"+t,e.setAttribute(\"data-secret\",t)),e.contentWindow.postMessage({message:\"ready\",secret:t},\"*\")},!1)))}(window,document);\n\/* ]]> *\/\n<\/script>\n","description":"Urteil des Gerichtshofs (Zehnte Kammer) vom 30.\u00a0M\u00e4rz 2017, in der Rechtssache C\u2011146\/16, Verband Sozialer Wettbewerb e.\u00a0V. gegen DHL Paket GmbH DHL Paket betreibt die Online-Verkaufsplattform \u201eMeinPaket.de\u201c, auf der gewerbliche Verk\u00e4ufer Waren zum Verkauf anbieten. VSW ist ein Verband, dem u.\u00a0a. Anbieter von Elektro- und Elektronikartikeln sowie Versandh\u00e4ndler angeh\u00f6ren, die Waren aller Art anbieten. Der Ausgangsrechtsstreit [...]"}

¿Müssen die Angaben zu Anschrift und Identität des Gewerbetreibenden in einer Werbung in einem Printmedium gemacht werden, wenn die Verbraucher diese Produkte über die Website erwerben, und diese Informationen über die Website zugänglich sind? - RocaJunyent_grupo - EMHE Legal

<blockquote class="wp-embedded-content" data-secret="zLNTIbIGxY"><a href="https://www.emhe.es/de/debe-indicarse-en-la-publicidad/">¿Müssen die Angaben zu Anschrift und Identität des Gewerbetreibenden in einer Werbung in einem Printmedium gemacht werden, wenn die Verbraucher diese Produkte über die Website erwerben, und diese Informationen über die Website zugänglich sind?</a></blockquote><iframe sandbox="allow-scripts" security="restricted" src="https://www.emhe.es/de/debe-indicarse-en-la-publicidad/embed/#?secret=zLNTIbIGxY" width="600" height="338" title="&#8222;¿Müssen die Angaben zu Anschrift und Identität des Gewerbetreibenden in einer Werbung in einem Printmedium gemacht werden, wenn die Verbraucher diese Produkte über die Website erwerben, und diese Informationen über die Website zugänglich sind?&#8220; &#8212; RocaJunyent_grupo - EMHE Legal" data-secret="zLNTIbIGxY" frameborder="0" marginwidth="0" marginheight="0" scrolling="no" class="wp-embedded-content"></iframe><script type="text/javascript">
/* <![CDATA[ */
/*! This file is auto-generated */
!function(d,l){"use strict";l.querySelector&&d.addEventListener&&"undefined"!=typeof URL&&(d.wp=d.wp||{},d.wp.receiveEmbedMessage||(d.wp.receiveEmbedMessage=function(e){var t=e.data;if((t||t.secret||t.message||t.value)&&!/[^a-zA-Z0-9]/.test(t.secret)){for(var s,r,n,a=l.querySelectorAll('iframe[data-secret="'+t.secret+'"]'),o=l.querySelectorAll('blockquote[data-secret="'+t.secret+'"]'),c=new RegExp("^https?:$","i"),i=0;i<o.length;i++)o[i].style.display="none";for(i=0;i<a.length;i++)s=a[i],e.source===s.contentWindow&&(s.removeAttribute("style"),"height"===t.message?(1e3<(r=parseInt(t.value,10))?r=1e3:~~r<200&&(r=200),s.height=r):"link"===t.message&&(r=new URL(s.getAttribute("src")),n=new URL(t.value),c.test(n.protocol))&&n.host===r.host&&l.activeElement===s&&(d.top.location.href=t.value))}},d.addEventListener("message",d.wp.receiveEmbedMessage,!1),l.addEventListener("DOMContentLoaded",function(){for(var e,t,s=l.querySelectorAll("iframe.wp-embedded-content"),r=0;r<s.length;r++)(t=(e=s[r]).getAttribute("data-secret"))||(t=Math.random().toString(36).substring(2,12),e.src+="#?secret="+t,e.setAttribute("data-secret",t)),e.contentWindow.postMessage({message:"ready",secret:t},"*")},!1)))}(window,document);
/* ]]> */
</script>

Urteil des Gerichtshofs (Zehnte Kammer) vom 30. März 2017, in der Rechtssache C‑146/16, Verband Sozialer Wettbewerb e. V. gegen DHL Paket GmbH DHL Paket betreibt die Online-Verkaufsplattform „MeinPaket.de“, auf der gewerbliche Verkäufer Waren zum Verkauf anbieten. VSW ist ein Verband, dem u. a. Anbieter von Elektro- und Elektronikartikeln sowie Versandhändler angehören, die Waren aller Art anbieten. Der Ausgangsrechtsstreit [...]
